{"id":319,"date":"2019-06-26T20:45:14","date_gmt":"2019-06-26T20:45:14","guid":{"rendered":"http:\/\/gpd.obase.co\/?page_id=319"},"modified":"2019-09-30T15:10:27","modified_gmt":"2019-09-30T15:10:27","slug":"uyelik-islemleri","status":"publish","type":"page","link":"https:\/\/www.gidaperakendecileri.org\/?page_id=319","title":{"rendered":"\u00dcyelik \u0130\u015flemleri"},"content":{"rendered":"\t\t<div data-elementor-type=\"wp-post\" data-elementor-id=\"319\" class=\"elementor elementor-319\">\n\t\t\t\t\t\t<section class=\"elementor-section elementor-top-section elementor-element elementor-element-d14c092 elementor-section-boxed elementor-section-height-default elementor-section-height-default\" data-id=\"d14c092\" data-element_type=\"section\">\n\t\t\t\t\t\t<div class=\"elementor-container elementor-column-gap-default\">\n\t\t\t\t\t<div class=\"elementor-column elementor-col-100 elementor-top-column elementor-element elementor-element-18aa0c1\" data-id=\"18aa0c1\" data-element_type=\"column\">\n\t\t\t<div class=\"elementor-widget-wrap elementor-element-populated\">\n\t\t\t\t\t\t<div class=\"elementor-element elementor-element-f66ad90 elementor-widget elementor-widget-form\" data-id=\"f66ad90\" data-element_type=\"widget\" data-widget_type=\"form.default\">\n\t\t\t\t<div class=\"elementor-widget-container\">\n\t\t\t\t\t \t\t\t\t<\/div>\n\t\t\t\t<\/div>\n\t\t\t\t<div class=\"elementor-element elementor-element-11d59fb elementor-widget elementor-widget-text-editor\" data-id=\"11d59fb\" data-element_type=\"widget\" data-widget_type=\"text-editor.default\">\n\t\t\t\t<div class=\"elementor-widget-container\">\n\t\t\t\t\t\t\t\t\t<p class=\"p1\"><span style=\"color: #000000;\">\u00dcyelik formu talebi ve detayl\u0131 bilgi i\u00e7in derne\u011fimizden Benek Gen\u00e7ero\u011flu ile ileti\u015fime ge\u00e7ebilirsiniz.<\/span><\/p><p class=\"p1\"><span style=\"color: #000000;\"><b>\u0130stenen Ek Belgeler<br \/><\/b><\/span><span style=\"color: #000000;\">\u2022 Firma Bilgileri<br \/><\/span><span style=\"color: #000000;\">\u2022 Vergi Levhas\u0131 \u2013 Fotokopi<br \/><\/span><span style=\"color: #000000;\">\u2022 \u0130mza Sirk\u00fcleri \u2013 Fotokopi<br \/><\/span><span style=\"color: #000000;\">\u2022 Firman\u0131n Ticaret Sicili \u0130lan\u0131 \u2013 Fotokopi<br \/><\/span><span style=\"color: #000000;\">\u2022 T\u00fczel Asil \u00dcyeler \u0130\u00e7in (Kurumsal)<br \/><\/span><span style=\"color: #000000;\">\u2022 Temsilci Olmak \u0130\u00e7in \u015eirket Y\u00f6netim Kurulu Karar\u0131<\/span><\/p><p class=\"p1\"><span style=\"color: #000000;\"><b>Bilgi i\u00e7in:<br \/><\/b><\/span><span style=\"color: #000000;\">Benek Gen\u00e7ero\u011flu<br \/><\/span><span style=\"color: #000000;\">T: +90 212 227 85 42 \u2013 52 \u2013 62<br \/><\/span><span style=\"color: #000000;\">F: +90 212 227 85 35<br \/><\/span><span style=\"color: #000000;\">E: <a href=\"mailto:bgenceroglu@gidaperakendecileri.org\">bgenceroglu@gidaperakendecileri.org<\/a><br \/><\/span><span style=\"color: #000000;\"><br \/>Ayazmadere Caddesi No:12\u00a0<br \/><\/span><span style=\"color: #000000;\">Ak\u015fit Plaza Kat:7 34349<br \/><\/span><span style=\"color: #000000;\">Dikilita\u015f Be\u015fikta\u015f \u2013 \u0130stanbul \/ T\u00fcrkiye<\/span><\/p>\t\t\t\t\t\t\t\t<\/div>\n\t\t\t\t<\/div>\n\t\t\t\t\t<\/div>\n\t\t<\/div>\n\t\t\t\t\t<\/div>\n\t\t<\/section>\n\t\t\t\t<section class=\"elementor-section elementor-top-section elementor-element elementor-element-b58d561 elementor-section-boxed elementor-section-height-default elementor-section-height-default\" data-id=\"b58d561\" data-element_type=\"section\">\n\t\t\t\t\t\t<div class=\"elementor-container elementor-column-gap-default\">\n\t\t\t\t\t<div class=\"elementor-column elementor-col-100 elementor-top-column elementor-element elementor-element-c6d1514\" data-id=\"c6d1514\" data-element_type=\"column\">\n\t\t\t<div class=\"elementor-widget-wrap\">\n\t\t\t\t\t\t\t<\/div>\n\t\t<\/div>\n\t\t\t\t\t<\/div>\n\t\t<\/section>\n\t\t\t\t<\/div>\n\t\t","protected":false},"excerpt":{"rendered":"<p>\u00dcyelik formu talebi ve detayl\u0131 bilgi i\u00e7in derne\u011fimizden Benek Gen\u00e7ero\u011flu ile ileti\u015fime ge\u00e7ebilirsiniz. \u0130stenen Ek Belgeler\u2022 Firma Bilgileri\u2022 Vergi Levhas\u0131 \u2013 Fotokopi\u2022 \u0130mza Sirk\u00fcleri \u2013 Fotokopi\u2022 Firman\u0131n Ticaret Sicili \u0130lan\u0131 \u2013 Fotokopi\u2022 T\u00fczel Asil \u00dcyeler \u0130\u00e7in (Kurumsal)\u2022 Temsilci Olmak \u0130\u00e7in \u015eirket Y\u00f6netim Kurulu Karar\u0131 Bilgi i\u00e7in:Benek Gen\u00e7ero\u011fluT: +90 212 227 85 42 \u2013 52 \u2013 [&hellip;]<\/p>\n","protected":false},"author":1,"featured_media":0,"parent":0,"menu_order":0,"comment_status":"closed","ping_status":"closed","template":"","meta":{"_monsterinsights_skip_tracking":false,"_monsterinsights_sitenote_active":false,"_monsterinsights_sitenote_note":"","_monsterinsights_sitenote_category":0,"footnotes":""},"class_list":["post-319","page","type-page","status-publish"],"featured_image_src":null,"yoast_head":"<!-- This site is optimized with the Yoast SEO plugin v26.7 - https:\/\/yoast.com\/wordpress\/plugins\/seo\/ -->\n<title>\u00dcyelik \u0130\u015flemleri - GPD<\/title>\n<meta name=\"robots\" content=\"index, follow, max-snippet:-1, max-image-preview:large, max-video-preview:-1\" \/>\n<link rel=\"canonical\" href=\"https:\/\/www.gidaperakendecileri.org\/?page_id=319\" \/>\n<meta property=\"og:locale\" content=\"en_US\" \/>\n<meta property=\"og:type\" content=\"article\" \/>\n<meta property=\"og:title\" content=\"\u00dcyelik \u0130\u015flemleri - GPD\" \/>\n<meta property=\"og:description\" content=\"\u00dcyelik formu talebi ve detayl\u0131 bilgi i\u00e7in derne\u011fimizden Benek Gen\u00e7ero\u011flu ile ileti\u015fime ge\u00e7ebilirsiniz. \u0130stenen Ek Belgeler\u2022 Firma Bilgileri\u2022 Vergi Levhas\u0131 \u2013 Fotokopi\u2022 \u0130mza Sirk\u00fcleri \u2013 Fotokopi\u2022 Firman\u0131n Ticaret Sicili \u0130lan\u0131 \u2013 Fotokopi\u2022 T\u00fczel Asil \u00dcyeler \u0130\u00e7in (Kurumsal)\u2022 Temsilci Olmak \u0130\u00e7in \u015eirket Y\u00f6netim Kurulu Karar\u0131 Bilgi i\u00e7in:Benek Gen\u00e7ero\u011fluT: +90 212 227 85 42 \u2013 52 \u2013 [&hellip;]\" \/>\n<meta property=\"og:url\" content=\"https:\/\/www.gidaperakendecileri.org\/?page_id=319\" \/>\n<meta property=\"og:site_name\" content=\"GPD\" \/>\n<meta property=\"article:modified_time\" content=\"2019-09-30T15:10:27+00:00\" \/>\n<meta name=\"twitter:card\" content=\"summary_large_image\" \/>\n<script type=\"application\/ld+json\" class=\"yoast-schema-graph\">{\"@context\":\"https:\/\/schema.org\",\"@graph\":[{\"@type\":\"WebPage\",\"@id\":\"https:\/\/www.gidaperakendecileri.org\/?page_id=319\",\"url\":\"https:\/\/www.gidaperakendecileri.org\/?page_id=319\",\"name\":\"\u00dcyelik \u0130\u015flemleri - GPD\",\"isPartOf\":{\"@id\":\"https:\/\/www.gidaperakendecileri.org\/#website\"},\"datePublished\":\"2019-06-26T20:45:14+00:00\",\"dateModified\":\"2019-09-30T15:10:27+00:00\",\"breadcrumb\":{\"@id\":\"https:\/\/www.gidaperakendecileri.org\/?page_id=319#breadcrumb\"},\"inLanguage\":\"en-US\",\"potentialAction\":[{\"@type\":\"ReadAction\",\"target\":[\"https:\/\/www.gidaperakendecileri.org\/?page_id=319\"]}]},{\"@type\":\"BreadcrumbList\",\"@id\":\"https:\/\/www.gidaperakendecileri.org\/?page_id=319#breadcrumb\",\"itemListElement\":[{\"@type\":\"ListItem\",\"position\":1,\"name\":\"Home\",\"item\":\"https:\/\/www.gidaperakendecileri.org\/\"},{\"@type\":\"ListItem\",\"position\":2,\"name\":\"\u00dcyelik \u0130\u015flemleri\"}]},{\"@type\":\"WebSite\",\"@id\":\"https:\/\/www.gidaperakendecileri.org\/#website\",\"url\":\"https:\/\/www.gidaperakendecileri.org\/\",\"name\":\"GPD\",\"description\":\"G\u0131da Perakendecileri Derne\u011fi\",\"potentialAction\":[{\"@type\":\"SearchAction\",\"target\":{\"@type\":\"EntryPoint\",\"urlTemplate\":\"https:\/\/www.gidaperakendecileri.org\/?s={search_term_string}\"},\"query-input\":{\"@type\":\"PropertyValueSpecification\",\"valueRequired\":true,\"valueName\":\"search_term_string\"}}],\"inLanguage\":\"en-US\"}]}<\/script>\n<!-- \/ Yoast SEO plugin. -->","yoast_head_json":{"title":"\u00dcyelik \u0130\u015flemleri - GPD","robots":{"index":"index","follow":"follow","max-snippet":"max-snippet:-1","max-image-preview":"max-image-preview:large","max-video-preview":"max-video-preview:-1"},"canonical":"https:\/\/www.gidaperakendecileri.org\/?page_id=319","og_locale":"en_US","og_type":"article","og_title":"\u00dcyelik \u0130\u015flemleri - GPD","og_description":"\u00dcyelik formu talebi ve detayl\u0131 bilgi i\u00e7in derne\u011fimizden Benek Gen\u00e7ero\u011flu ile ileti\u015fime ge\u00e7ebilirsiniz. \u0130stenen Ek Belgeler\u2022 Firma Bilgileri\u2022 Vergi Levhas\u0131 \u2013 Fotokopi\u2022 \u0130mza Sirk\u00fcleri \u2013 Fotokopi\u2022 Firman\u0131n Ticaret Sicili \u0130lan\u0131 \u2013 Fotokopi\u2022 T\u00fczel Asil \u00dcyeler \u0130\u00e7in (Kurumsal)\u2022 Temsilci Olmak \u0130\u00e7in \u015eirket Y\u00f6netim Kurulu Karar\u0131 Bilgi i\u00e7in:Benek Gen\u00e7ero\u011fluT: +90 212 227 85 42 \u2013 52 \u2013 [&hellip;]","og_url":"https:\/\/www.gidaperakendecileri.org\/?page_id=319","og_site_name":"GPD","article_modified_time":"2019-09-30T15:10:27+00:00","twitter_card":"summary_large_image","schema":{"@context":"https:\/\/schema.org","@graph":[{"@type":"WebPage","@id":"https:\/\/www.gidaperakendecileri.org\/?page_id=319","url":"https:\/\/www.gidaperakendecileri.org\/?page_id=319","name":"\u00dcyelik \u0130\u015flemleri - GPD","isPartOf":{"@id":"https:\/\/www.gidaperakendecileri.org\/#website"},"datePublished":"2019-06-26T20:45:14+00:00","dateModified":"2019-09-30T15:10:27+00:00","breadcrumb":{"@id":"https:\/\/www.gidaperakendecileri.org\/?page_id=319#breadcrumb"},"inLanguage":"en-US","potentialAction":[{"@type":"ReadAction","target":["https:\/\/www.gidaperakendecileri.org\/?page_id=319"]}]},{"@type":"BreadcrumbList","@id":"https:\/\/www.gidaperakendecileri.org\/?page_id=319#breadcrumb","itemListElement":[{"@type":"ListItem","position":1,"name":"Home","item":"https:\/\/www.gidaperakendecileri.org\/"},{"@type":"ListItem","position":2,"name":"\u00dcyelik \u0130\u015flemleri"}]},{"@type":"WebSite","@id":"https:\/\/www.gidaperakendecileri.org\/#website","url":"https:\/\/www.gidaperakendecileri.org\/","name":"GPD","description":"G\u0131da Perakendecileri Derne\u011fi","potentialAction":[{"@type":"SearchAction","target":{"@type":"EntryPoint","urlTemplate":"https:\/\/www.gidaperakendecileri.org\/?s={search_term_string}"},"query-input":{"@type":"PropertyValueSpecification","valueRequired":true,"valueName":"search_term_string"}}],"inLanguage":"en-US"}]}},"_links":{"self":[{"href":"https:\/\/www.gidaperakendecileri.org\/index.php?rest_route=\/wp\/v2\/pages\/319","targetHints":{"allow":["GET"]}}],"collection":[{"href":"https:\/\/www.gidaperakendecileri.org\/index.php?rest_route=\/wp\/v2\/pages"}],"about":[{"href":"https:\/\/www.gidaperakendecileri.org\/index.php?rest_route=\/wp\/v2\/types\/page"}],"author":[{"embeddable":true,"href":"https:\/\/www.gidaperakendecileri.org\/index.php?rest_route=\/wp\/v2\/users\/1"}],"replies":[{"embeddable":true,"href":"https:\/\/www.gidaperakendecileri.org\/index.php?rest_route=%2Fwp%2Fv2%2Fcomments&post=319"}],"version-history":[{"count":21,"href":"https:\/\/www.gidaperakendecileri.org\/index.php?rest_route=\/wp\/v2\/pages\/319\/revisions"}],"predecessor-version":[{"id":1222,"href":"https:\/\/www.gidaperakendecileri.org\/index.php?rest_route=\/wp\/v2\/pages\/319\/revisions\/1222"}],"wp:attachment":[{"href":"https:\/\/www.gidaperakendecileri.org\/index.php?rest_route=%2Fwp%2Fv2%2Fmedia&parent=319"}],"curies":[{"name":"wp","href":"https:\/\/api.w.org\/{rel}","templated":true}]}}