{"id":222,"date":"2019-06-26T14:49:41","date_gmt":"2019-06-26T14:49:41","guid":{"rendered":"http:\/\/gpd.obase.co\/?page_id=222"},"modified":"2026-02-06T06:17:22","modified_gmt":"2026-02-06T06:17:22","slug":"genel-sekreterlik","status":"publish","type":"page","link":"https:\/\/www.gidaperakendecileri.org\/?page_id=222","title":{"rendered":"Genel Sekreterlik"},"content":{"rendered":"\t\t<div data-elementor-type=\"wp-post\" data-elementor-id=\"222\" class=\"elementor elementor-222\">\n\t\t\t\t\t\t<section class=\"elementor-section elementor-top-section elementor-element elementor-element-cbe3ad4 elementor-section-boxed elementor-section-height-default elementor-section-height-default\" data-id=\"cbe3ad4\" data-element_type=\"section\">\n\t\t\t\t\t\t<div class=\"elementor-container elementor-column-gap-default\">\n\t\t\t\t\t<div class=\"elementor-column elementor-col-100 elementor-top-column elementor-element elementor-element-ce7a7f7\" data-id=\"ce7a7f7\" data-element_type=\"column\">\n\t\t\t<div class=\"elementor-widget-wrap elementor-element-populated\">\n\t\t\t\t\t\t<div class=\"elementor-element elementor-element-0e65bc1 elementor-widget elementor-widget-text-editor\" data-id=\"0e65bc1\" data-element_type=\"widget\" data-widget_type=\"text-editor.default\">\n\t\t\t\t<div class=\"elementor-widget-container\">\n\t\t\t\t\t\t\t\t\t<p><span style=\"color: #000000;\">G\u0131da Perakendecileri Derne\u011fi\u2019nin kurumsal yap\u0131s\u0131 i\u00e7erisinde, misyonunu en etkili \u015fekilde yerine getirmesi i\u00e7in \u00e7al\u0131\u015fan GPD Genel Sekreterlik ekibi, \u00fcyeler ve y\u00f6netim kurulu aras\u0131nda etkin ileti\u015fim sa\u011flaman\u0131n yan\u0131 s\u0131ra proje ve e\u011fitim koordinasyonu, veri ve bilgi toplama ile uluslararas\u0131 kurulu\u015flarla ger\u00e7ekle\u015ftirilen i\u015f birliklerinin takibi gibi \u00f6nemli \u00e7al\u0131\u015fmalara imza at\u0131yor.\u00a0<\/span><\/p><p><span style=\"color: #000000;\">Egemen Sayra\u00e7<\/span><br \/><span style=\"color: #000000;\"><b>Genel Sekreter<br \/><\/b><a href=\"mailto:esayrac@gidaperakendecileri.com\">esayrac@gidaperakendecileri.com<\/a><\/span><\/p><p class=\"p1\">F\u00fcsun Baykal<br \/><b>Proje Y\u00f6neticisi<br \/><\/b><b><\/b><span class=\"s1\"><a href=\"mailto:fbaykal@gidaperakendecileri.org\">fbaykal@gidaperakendecileri.org<\/a><\/span><\/p><p><span style=\"color: #000000;\">Benek Gen\u00e7ero\u011flu<\/span><br \/><b>Muhasebe-Finans ve \u00dcyelik<\/b> <b>\u0130\u015flemleri Y\u00f6neticisi<br \/><\/b><span style=\"color: #000000;\"><b><\/b><a href=\"mailto:bgenceroglu@gidaperakendecileri.org\">bgenceroglu@gidaperakendecileri.org<\/a><\/span><\/p>\t\t\t\t\t\t\t\t<\/div>\n\t\t\t\t<\/div>\n\t\t\t\t\t<\/div>\n\t\t<\/div>\n\t\t\t\t\t<\/div>\n\t\t<\/section>\n\t\t\t\t<\/div>\n\t\t","protected":false},"excerpt":{"rendered":"<p>G\u0131da Perakendecileri Derne\u011fi\u2019nin kurumsal yap\u0131s\u0131 i\u00e7erisinde, misyonunu en etkili \u015fekilde yerine getirmesi i\u00e7in \u00e7al\u0131\u015fan GPD Genel Sekreterlik ekibi, \u00fcyeler ve y\u00f6netim kurulu aras\u0131nda etkin ileti\u015fim sa\u011flaman\u0131n yan\u0131 s\u0131ra proje ve e\u011fitim koordinasyonu, veri ve bilgi toplama ile uluslararas\u0131 kurulu\u015flarla ger\u00e7ekle\u015ftirilen i\u015f birliklerinin takibi gibi \u00f6nemli \u00e7al\u0131\u015fmalara imza at\u0131yor. Egemen Sayra\u00e7 Genel Sekreter esayrac@gidaperakendecileri.com F\u00fcsun Baykal [&hellip;]<\/p>\n","protected":false},"author":1,"featured_media":0,"parent":0,"menu_order":0,"comment_status":"closed","ping_status":"closed","template":"","meta":{"_monsterinsights_skip_tracking":false,"_monsterinsights_sitenote_active":false,"_monsterinsights_sitenote_note":"","_monsterinsights_sitenote_category":0,"footnotes":""},"class_list":["post-222","page","type-page","status-publish"],"featured_image_src":null,"yoast_head":"<!-- This site is optimized with the Yoast SEO plugin v26.7 - https:\/\/yoast.com\/wordpress\/plugins\/seo\/ -->\n<title>Genel Sekreterlik - GPD<\/title>\n<meta name=\"robots\" content=\"index, follow, max-snippet:-1, max-image-preview:large, max-video-preview:-1\" \/>\n<link rel=\"canonical\" href=\"https:\/\/www.gidaperakendecileri.org\/?page_id=222\" \/>\n<meta property=\"og:locale\" content=\"en_US\" \/>\n<meta property=\"og:type\" content=\"article\" \/>\n<meta property=\"og:title\" content=\"Genel Sekreterlik - GPD\" \/>\n<meta property=\"og:description\" content=\"G\u0131da Perakendecileri Derne\u011fi\u2019nin kurumsal yap\u0131s\u0131 i\u00e7erisinde, misyonunu en etkili \u015fekilde yerine getirmesi i\u00e7in \u00e7al\u0131\u015fan GPD Genel Sekreterlik ekibi, \u00fcyeler ve y\u00f6netim kurulu aras\u0131nda etkin ileti\u015fim sa\u011flaman\u0131n yan\u0131 s\u0131ra proje ve e\u011fitim koordinasyonu, veri ve bilgi toplama ile uluslararas\u0131 kurulu\u015flarla ger\u00e7ekle\u015ftirilen i\u015f birliklerinin takibi gibi \u00f6nemli \u00e7al\u0131\u015fmalara imza at\u0131yor. Egemen Sayra\u00e7 Genel Sekreter esayrac@gidaperakendecileri.com F\u00fcsun Baykal [&hellip;]\" \/>\n<meta property=\"og:url\" content=\"https:\/\/www.gidaperakendecileri.org\/?page_id=222\" \/>\n<meta property=\"og:site_name\" content=\"GPD\" \/>\n<meta property=\"article:modified_time\" content=\"2026-02-06T06:17:22+00:00\" \/>\n<meta name=\"twitter:card\" content=\"summary_large_image\" \/>\n<meta name=\"twitter:label1\" content=\"Est. reading time\" \/>\n\t<meta name=\"twitter:data1\" content=\"1 minute\" \/>\n<script type=\"application\/ld+json\" class=\"yoast-schema-graph\">{\"@context\":\"https:\/\/schema.org\",\"@graph\":[{\"@type\":\"WebPage\",\"@id\":\"https:\/\/www.gidaperakendecileri.org\/?page_id=222\",\"url\":\"https:\/\/www.gidaperakendecileri.org\/?page_id=222\",\"name\":\"Genel Sekreterlik - GPD\",\"isPartOf\":{\"@id\":\"https:\/\/www.gidaperakendecileri.org\/#website\"},\"datePublished\":\"2019-06-26T14:49:41+00:00\",\"dateModified\":\"2026-02-06T06:17:22+00:00\",\"breadcrumb\":{\"@id\":\"https:\/\/www.gidaperakendecileri.org\/?page_id=222#breadcrumb\"},\"inLanguage\":\"en-US\",\"potentialAction\":[{\"@type\":\"ReadAction\",\"target\":[\"https:\/\/www.gidaperakendecileri.org\/?page_id=222\"]}]},{\"@type\":\"BreadcrumbList\",\"@id\":\"https:\/\/www.gidaperakendecileri.org\/?page_id=222#breadcrumb\",\"itemListElement\":[{\"@type\":\"ListItem\",\"position\":1,\"name\":\"Home\",\"item\":\"https:\/\/www.gidaperakendecileri.org\/\"},{\"@type\":\"ListItem\",\"position\":2,\"name\":\"Genel Sekreterlik\"}]},{\"@type\":\"WebSite\",\"@id\":\"https:\/\/www.gidaperakendecileri.org\/#website\",\"url\":\"https:\/\/www.gidaperakendecileri.org\/\",\"name\":\"GPD\",\"description\":\"G\u0131da Perakendecileri Derne\u011fi\",\"potentialAction\":[{\"@type\":\"SearchAction\",\"target\":{\"@type\":\"EntryPoint\",\"urlTemplate\":\"https:\/\/www.gidaperakendecileri.org\/?s={search_term_string}\"},\"query-input\":{\"@type\":\"PropertyValueSpecification\",\"valueRequired\":true,\"valueName\":\"search_term_string\"}}],\"inLanguage\":\"en-US\"}]}<\/script>\n<!-- \/ Yoast SEO plugin. -->","yoast_head_json":{"title":"Genel Sekreterlik - GPD","robots":{"index":"index","follow":"follow","max-snippet":"max-snippet:-1","max-image-preview":"max-image-preview:large","max-video-preview":"max-video-preview:-1"},"canonical":"https:\/\/www.gidaperakendecileri.org\/?page_id=222","og_locale":"en_US","og_type":"article","og_title":"Genel Sekreterlik - GPD","og_description":"G\u0131da Perakendecileri Derne\u011fi\u2019nin kurumsal yap\u0131s\u0131 i\u00e7erisinde, misyonunu en etkili \u015fekilde yerine getirmesi i\u00e7in \u00e7al\u0131\u015fan GPD Genel Sekreterlik ekibi, \u00fcyeler ve y\u00f6netim kurulu aras\u0131nda etkin ileti\u015fim sa\u011flaman\u0131n yan\u0131 s\u0131ra proje ve e\u011fitim koordinasyonu, veri ve bilgi toplama ile uluslararas\u0131 kurulu\u015flarla ger\u00e7ekle\u015ftirilen i\u015f birliklerinin takibi gibi \u00f6nemli \u00e7al\u0131\u015fmalara imza at\u0131yor. Egemen Sayra\u00e7 Genel Sekreter esayrac@gidaperakendecileri.com F\u00fcsun Baykal [&hellip;]","og_url":"https:\/\/www.gidaperakendecileri.org\/?page_id=222","og_site_name":"GPD","article_modified_time":"2026-02-06T06:17:22+00:00","twitter_card":"summary_large_image","twitter_misc":{"Est. reading time":"1 minute"},"schema":{"@context":"https:\/\/schema.org","@graph":[{"@type":"WebPage","@id":"https:\/\/www.gidaperakendecileri.org\/?page_id=222","url":"https:\/\/www.gidaperakendecileri.org\/?page_id=222","name":"Genel Sekreterlik - GPD","isPartOf":{"@id":"https:\/\/www.gidaperakendecileri.org\/#website"},"datePublished":"2019-06-26T14:49:41+00:00","dateModified":"2026-02-06T06:17:22+00:00","breadcrumb":{"@id":"https:\/\/www.gidaperakendecileri.org\/?page_id=222#breadcrumb"},"inLanguage":"en-US","potentialAction":[{"@type":"ReadAction","target":["https:\/\/www.gidaperakendecileri.org\/?page_id=222"]}]},{"@type":"BreadcrumbList","@id":"https:\/\/www.gidaperakendecileri.org\/?page_id=222#breadcrumb","itemListElement":[{"@type":"ListItem","position":1,"name":"Home","item":"https:\/\/www.gidaperakendecileri.org\/"},{"@type":"ListItem","position":2,"name":"Genel Sekreterlik"}]},{"@type":"WebSite","@id":"https:\/\/www.gidaperakendecileri.org\/#website","url":"https:\/\/www.gidaperakendecileri.org\/","name":"GPD","description":"G\u0131da Perakendecileri Derne\u011fi","potentialAction":[{"@type":"SearchAction","target":{"@type":"EntryPoint","urlTemplate":"https:\/\/www.gidaperakendecileri.org\/?s={search_term_string}"},"query-input":{"@type":"PropertyValueSpecification","valueRequired":true,"valueName":"search_term_string"}}],"inLanguage":"en-US"}]}},"_links":{"self":[{"href":"https:\/\/www.gidaperakendecileri.org\/index.php?rest_route=\/wp\/v2\/pages\/222","targetHints":{"allow":["GET"]}}],"collection":[{"href":"https:\/\/www.gidaperakendecileri.org\/index.php?rest_route=\/wp\/v2\/pages"}],"about":[{"href":"https:\/\/www.gidaperakendecileri.org\/index.php?rest_route=\/wp\/v2\/types\/page"}],"author":[{"embeddable":true,"href":"https:\/\/www.gidaperakendecileri.org\/index.php?rest_route=\/wp\/v2\/users\/1"}],"replies":[{"embeddable":true,"href":"https:\/\/www.gidaperakendecileri.org\/index.php?rest_route=%2Fwp%2Fv2%2Fcomments&post=222"}],"version-history":[{"count":13,"href":"https:\/\/www.gidaperakendecileri.org\/index.php?rest_route=\/wp\/v2\/pages\/222\/revisions"}],"predecessor-version":[{"id":7655,"href":"https:\/\/www.gidaperakendecileri.org\/index.php?rest_route=\/wp\/v2\/pages\/222\/revisions\/7655"}],"wp:attachment":[{"href":"https:\/\/www.gidaperakendecileri.org\/index.php?rest_route=%2Fwp%2Fv2%2Fmedia&parent=222"}],"curies":[{"name":"wp","href":"https:\/\/api.w.org\/{rel}","templated":true}]}}